s 8285 a prime number?
False
Is 49727 prime?
True
Is 507907 prime?
True
Is 1982891 a prime number?
True
Is 520117 a prime number?
False
Is 935243 composite?
False
Is 1399 a composite number?
False
Is 15901 composite?
False
Is 87569 a prime number?
False
Is 1451962 composite?
True
Is 398207 a prime number?
True
Is 132491 a composite number?
False
Is 746 a composite number?
True
Is 299807 a composite number?
False
Is 25301 a composite number?
False
Is 1228669 prime?
False
Is 13045 a prime number?
False
Is 9097 a prime number?
False
Is 20191 a composite number?
True
Is 1303771 prime?
False
Is 82339 composite?
False
Is 22535 prime?
False
Is 95773 prime?
True
Is 58967 prime?
True
Is 23603 composite?
False
Is 284467 a prime number?
True
Is 50222 a composite number?
True
Is 183197 a composite number?
True
Is 3259 prime?
True
Is 531679 a composite number?
True
Is 487159 a prime number?
False
Is 8318 a prime number?
False
Is 10421 a composite number?
True
Is 22613 prime?
True
Is 335917 a composite number?
False
Is 26327 composite?
True
Is 99901 prime?
True
Is 40323 a prime number?
False
Is 775991 a prime number?
False
Is 13553 a prime number?
True
Is 248189 a prime number?
True
Is 457115 prime?
False
Is 78041 a prime number?
True
Is 203837 a prime number?
False
Is 83833 prime?
True
Is 1017277 a prime number?
True
Is 35403 prime?
False
Is 138497 composite?
False
Is 7079 prime?
True
Is 186217 a prime number?
False
Is 30209 prime?
False
Is 1585 a prime number?
False
Is 448523 a composite number?
True
Is 386207 a prime number?
False
Is 873973 prime?
False
Is 10897 prime?
False
Is 44909 prime?
True
Is 142 a prime number?
False
Is 331997 composite?
False
Is 146641 prime?
False
Is 3728077 prime?
False
Is 4322 a prime number?
False
Is 252469 prime?
False
Is 176361 a composite number?
True
Is 468491 prime?
True
Is 94223 composite?
True
Is 44179 a prime number?
True
Is 151441 a composite number?
True
Is 2413 a composite number?
True
Is 10729 prime?
True
Is 266767 prime?
True
Is 2971 a composite number?
False
Is 1217617 a composite number?
False
Is 394187 prime?
True
Is 3083 composite?
False
Is 11597 prime?
True
Is 1657 a prime number?
True
Is 748133 a prime number?
True
Is 295838 a composite number?
True
Is 145391 composite?
False
Is 396833 prime?
True
Is 553451 a prime number?
False
Is 16301 composite?
False
Is 12271 composite?
True
Is 505589 a composite number?
True
Is 2185403 prime?
False
Is 1759 composite?
False
Is 33083 a composite number?
False
Is 2052407 a prime number?
False
Is 457757 a prime number?
True
Is 214237 a composite number?
False
Is 386 a composite number?
True
Is 121897 prime?
False
Is 1949 prime?
True
Is 7151 a prime number?
True
Is 68437 prime?
True
Is 541 prime?
True
Is 8885 prime?
False
Is 62743 prime?
True
Is 114693 prime?
False
Is 79214 composite?
True
Is 13217 a composite number?
False
Is 15809 prime?
True
Is 11405 composite?
True
Is 86111 prime?
True
Is 1793 a composite number?
True
Is 17059 composite?
True
Is 88717 a composite number?
True
Is 1804085 a composite number?
True
Is 11179 a prime number?
False
Is 5623 a prime number?
True
Is 6143 a composite number?
False
Is 95155 a composite number?
True
Is 55763 prime?
True
Is 18863 a prime number?
False
Is 109267 a prime number?
True
Is 38113 a prime number?
True
Is 20477 a composite number?
False
Is 269129 composite?
True
Is 374929 composite?
False
Is 172259 a prime number?
True
Is 5479 a composite number?
False
Is 42899 composite?
False
Is 29063 composite?
False
Is 16703 composite?
False
Is 55103 composite?
False
Is 779339 a prime number?
False
Is 203291 composite?
True
Is 141923 a prime number?
False
Is 210347 a prime number?
True
Is 17291 a prime number?
True
Is 37757 composite?
True
Is 19607 composite?
True
Is 34019 a composite number?
False
Is 1214791 prime?
False
Is 120157 a prime number?
True
Is 5779 composite?
False
Is 16909 a prime number?
False
Is 564557 a composite number?
True
Is 589319 a composite number?
True
Is 2554 composite?
True
Is 5953 a prime number?
True
Is 576487 prime?
False
Is 162467 prime?
False
Is 1306121 a prime number?
True
Is 941537 a composite number?
False
Is 8743 a prime number?
False
Is 99305 a composite number?
True
Is 122191 a composite number?
True
Is 286581 composite?
True
Is 16601 a prime number?
False
Is 156913 a prime number?
True
Is 38251 prime?
False
Is 248647 a prime number?
False
Is 69109 a prime number?
True
Is 21737 a prime number?
True
Is 15362 composite?
True
Is 9637 prime?
False
Is 24883 composite?
True
Is 252797 prime?
False
Is 5269 composite?
True
Is 15259 composite?
False
Is 20841 a composite number?
True
Is 161285 composite?
True
Is 774409 a prime number?
False
Is 1409 composite?
False
Is 13235 composite?
True
Is 647781 a prime number?
False
Is 22067 a composite number?
False
Is 48665 prime?
False
Is 208627 a prime number?
True
Is 6709 a composite number?
False
Is 1249 a prime number?
True
Is 53698 a composite number?
True
Is 7901 a prime number?
True
Is 24889 composite?
False
Is 57359 a composite number?
True
Is 7985 prime?
False
Is 45691 prime?
True
Is 14 prime?
False
Is 8261 composite?
True
Is 26787 a prime number?
False
Is 436714 a composite number?
True
Is 76733 prime?
True
Is 694 a composite number?
True
Is 46651 prime?
False
Is 16361 a composite number?
False
Is 733223 prime?
False
Is 322835 a prime number?
False
Is 10223 prime?
True
Is 355907 a prime number?
False
Is 511769 prime?
False
Is 39651 a composite number?
True
Is 8849 prime?
True
Is 3821 prime?
True
Is 1723231 composite?
False
Is 1561 composite?
True
Is 57637 composite?
False
Is 27689 a composite number?
False
Is 118589 prime?
True
Is 56081 prime?
True
Is 48803 prime?
False
Is 133927 composite?
True
Is 138053 a composite number?
False
Is 5150671 prime?
True
Is 12679 a prime number?
False
Is 1021651 prime?
True
Is 197287 composite?
True
Is 116209 composite?
True
Is 819011 prime?
False
Is 85931 composite?
False
Is 210257 a prime number?
True
Is 731 prime?
False
Is 4083 a prime number?
False
Is 1437087 a composite number?
True
Is 15991 composite?
False
Is 41011 prime?
True
Is 3293 a composite number?
True
Is 28019 a composite number?
False
Is 23303 a prime number?
False
Is 92629 composite?
True
Is 11629 prime?
False
Is 6163 prime?
True
Is 18661 a prime number?
True
Is 2551 a composite number?
False
Is 32881 a prime number?
False
Is 27355 composite?
True
Is 133217 a composite number?
True
Is 241321 a composite number?
False
Is 552469 a prime number?
True
Is 712643 composite?
True
Is 102953 composite?
False
Is 50671 a composite number?
False
Is 8641 a composite number?
False
Is 213103 composite?
True
Is 4783 a prime number?
True
Is 96467 prime?
False
Is 53446 prime?
False
Is 208133 prime?
False
Is 7197 a prime number?
False
Is 141059 a prime number?
False
Is 8321 a prime number?
False
Is 3263 prime?
False
Is 1411117 prime?
True
Is 10207 a composite number?
True
Is 3989 a composite number?
False
Is 231443 a prime number?
True
Is 85691 prime?
True
Is 172801 a prime number?
True
Is 1027 prime?
False
Is 1401689 prime?
False
Is 541 prime?
True
Is 4957 composite?
False
Is 2521 prime?
True
Is 1511 prime?
True
Is 2203 prime?
True
Is 64271 a composite number?
False
Is 200582 a composite number?
True
Is 234687 a composite number?
True
Is 701887 prime?
False
Is 104723 a composite number?
False
Is 9311 a composite number?
False
Is 77177 composite?
True
Is 33791 a composite number?
False
Is 27031 composite?
False
Is 50419 prime?
False
Is 3238 a composite number?
True
Is 8287 composite?
False
Is 55399 a composite number?
False
Is 15833 composite?
True
Is 269239 prime?
False
Is 8458 prime?
False
Is 290243 prime?
True
Is 1956793 prime?
True
Is 177673 prime?
False
Is 70043 composite?
True
Is 565489 composite?
False
Is 23369 a composite number?
False
Is 5971 a prime number?
False
Is 68141 prime?
True
Is 131101 a composite number?
False
Is 8207 a prime number?
False
Is 910135 composite?
True
Is 14969 a prime number?
True
Is 28499 prime?
True
Is 25703 a composite number?
False
Is 319673 composite?
False
Is 551039 a prime number?
True
Is 1219 a composite number?
True
Is 77213 composite?
False
Is 654967 a prime number?
True
Is 1764973 prime?
False
Is 53906 composite?
True
Is 65239 prime